{"id":242,"date":"2011-04-06T17:06:09","date_gmt":"2011-04-06T17:06:09","guid":{"rendered":".\/?page_id=242"},"modified":"2011-04-26T10:37:23","modified_gmt":"2011-04-26T10:37:23","slug":"viata-culturala","status":"publish","type":"page","link":"https:\/\/comunagighera.ro\/?page_id=242","title":{"rendered":"Viata Culturala"},"content":{"rendered":"<p>T\u00e2rgul de s\u0103pt\u0103m\u00e2n\u0103 care are loc \u00een fiecare zi de vineri \u00een satul Z\u0103val<br \/>\nS\u0103rb\u0103toarea C\u00e2mpeneasc\u0103 &#8220;\u00cen p\u0103dure la Z\u0103val&#8221;, care se desf\u0103\u015foar\u0103 \u00een prima duminic\u0103 din luna august a fiec\u0103rui an<\/p>\n","protected":false},"excerpt":{"rendered":"<p>T\u00e2rgul de s\u0103pt\u0103m\u00e2n\u0103 care are loc \u00een fiecare zi de vineri \u00een satul Z\u0103val S\u0103rb\u0103toarea C\u00e2mpeneasc\u0103 &#8220;\u00cen p\u0103dure la Z\u0103val&#8221;, care se desf\u0103\u015foar\u0103 \u00een prima duminic\u0103 din luna august a fiec\u0103rui an<\/p>\n","protected":false},"author":2,"featured_media":0,"parent":226,"menu_order":0,"comment_status":"closed","ping_status":"closed","template":"","meta":{"footnotes":""},"class_list":["post-242","page","type-page","status-publish","hentry"],"_links":{"self":[{"href":"https:\/\/comunagighera.ro\/index.php?rest_route=\/wp\/v2\/pages\/242","targetHints":{"allow":["GET"]}}],"collection":[{"href":"https:\/\/comunagighera.ro\/index.php?rest_route=\/wp\/v2\/pages"}],"about":[{"href":"https:\/\/comunagighera.ro\/index.php?rest_route=\/wp\/v2\/types\/page"}],"author":[{"embeddable":true,"href":"https:\/\/comunagighera.ro\/index.php?rest_route=\/wp\/v2\/users\/2"}],"replies":[{"embeddable":true,"href":"https:\/\/comunagighera.ro\/index.php?rest_route=%2Fwp%2Fv2%2Fcomments&post=242"}],"version-history":[{"count":7,"href":"https:\/\/comunagighera.ro\/index.php?rest_route=\/wp\/v2\/pages\/242\/revisions"}],"predecessor-version":[{"id":673,"href":"https:\/\/comunagighera.ro\/index.php?rest_route=\/wp\/v2\/pages\/242\/revisions\/673"}],"up":[{"embeddable":true,"href":"https:\/\/comunagighera.ro\/index.php?rest_route=\/wp\/v2\/pages\/226"}],"wp:attachment":[{"href":"https:\/\/comunagighera.ro\/index.php?rest_route=%2Fwp%2Fv2%2Fmedia&parent=242"}],"curies":[{"name":"wp","href":"https:\/\/api.w.org\/{rel}","templated":true}]}}

<p>Târgul de săptămână care are loc în fiecare zi de vineri în satul Zăval<br />
Sărbătoarea Câmpenească &#8220;În pădure la Zăval&#8221;, care se desfăşoară în prima duminică din luna august a fiecărui an</p>

<p>Târgul de săptămână care are loc în fiecare zi de vineri în satul Zăval Sărbătoarea Câmpenească &#8220;În pădure la Zăval&#8221;, care se desfăşoară în prima duminică din luna august a fiecărui an</p>
